and 9?
9
Suppose p = -2*p. Suppose p*x + 2*x - 4*b = 110, -4*b = -3*x + 165. Suppose -2*z - 3*g - 8 = -39, x = 4*z - g. What is the greatest common factor of z and 126?
14
Suppose 5*v - 255*h - 2114 = -258*h, 0 = -5*h - 10. Calculate the greatest common factor of v and 16.
8
Let w(j) = -j - 13. Let s be w(-15). Let c be -2*(s/(-1) - -1). Suppose -2 = -4*q + c. What is the greatest common factor of 5 and q?
1
Suppose -5*h + 4*f - 8*f + 29 = 0, h - 4*f - 1 = 0. What is the greatest common divisor of 15 and h?
5
Let o = -87 - -74. Let w(d) = -d**2 - 13*d + 11. Let s be w(o). What is the highest common divisor of 33 and s?
11
Let p(c) = 3*c + 3. Let z be p(-3). Let m be (-16)/z*9/6. Suppose -25 = -m*f - f. Calculate the greatest common factor of 1 and f.
1
Let z(p) be the third derivative of p**5/60 + p**4/12 + 7*p**3/6 + 2*p**2. Let r be z(-3). What is the highest common factor of 90 and r?
10
Suppose 1370 + 3610 = 3*n. Calculate the highest common factor of n and 20.
20
Suppose 7*j + 5*r + 65 = 8*j, -2*j + 205 = 5*r. Calculate the highest common factor of j and 36.
18
Suppose 13*y = 341 + 439. What is the greatest common factor of y and 145?
5
Let s = 22 - 19. Suppose 30 = s*t - 0*t. Calculate the highest common factor of t and 2.
2
Let u be (-46)/(-10) - 5/(25/3). Suppose -8 = -s + 4. What is the greatest common divisor of s and u?
4
Suppose u = 10*u + 783. Let n = 99 + u. Calculate the greatest common divisor of 84 and n.
12
Suppose -3*f = -3*o - 42, 2*o - 5*f + 16 = -0*o. Let j be (o/(-6))/(1/7). Calculate the greatest common divisor of j and 189.
21
Suppose 0 = 3*p - 5*q - 7 - 13, 4*q = 3*p - 19. Suppose 0 = -p*d + 196 + 24. Calculate the greatest common factor of d and 22.
22
Suppose -6*q - 16 = 4*l - 2*q, 0 = l - 2*q - 8. Let r = 2 - l. Calculate the highest common divisor of r and 2.
2
Suppose -2*k + 54 = 3*j, 4*k - 2*k + 4*j - 52 = 0. Calculate the greatest common factor of 70 and k.
10
Let y = 182 - 95. Suppose -y = -2*r + 57. Calculate the greatest common divisor of r and 8.
8
Suppose 0 = 3*s + 3*l - 24, -2*s + l = -s. Calculate the highest common divisor of 14 and s.
2
Suppose 4*t = 4*n - 16 - 8, 0 = n - 4*t - 12. Suppose n*p = -p - 220. Let g be 1/(p/16 + 3). Calculate the highest common divisor of 16 and g.
4
Suppose -34 = -4*v + 14. Let g be 2*26/v + (-4)/(-6). Calculate the highest common divisor of 25 and g.
5
Let h(n) be the first derivative of 4*n**3/3 - 7*n**2/2 - 12*n - 36. Let j be h(7). What is the greatest common factor of 27 and j?
27
Let b be (-26)/(-195) - 326/(-30). Suppose 2*n - 2*g + 6*g - 288 = 0, g + 418 = 3*n. Suppose -q = -n + 19. What is the greatest common divisor of b and q?
11
Suppose -2*q = -2*o - o - 105, 5*q = -4*o + 274. What is the greatest common divisor of q and 2322?
54
Suppose a - n = 16 - 5, -29 = -4*a - n. Let l be (5 + -3)*4/2. Let j be (1 - (l - 2))*-1. Calculate the highest common factor of a and j.
1
Let z(v) = v**3 + 10*v**2 - 4*v - 34. Let c be z(-8). Suppose -2*m + 8 + 28 = 0. What is the highest common factor of m and c?
18
Suppose 3*h = -3*n + 1572, 0*n - 1056 = -2*n - 4*h. What is the greatest common factor of 65 and n?
65
Let s be (-2 - 4) + 1 + 9. Suppose -2*m - 2*a + 40 = 0, -s*a = -0 + 4. Calculate the greatest common divisor of m and 7.
7
Let v(k) = 15*k - 248. Let w be v(17). What is the highest common divisor of 875 and w?
7
Let j(y) = 164*y - 5. Let d be j(1). What is the greatest common factor of d and 3?
3
Suppose 133 = 5*g - 117. Suppose 125 = 7*d - 2*d. What is the greatest common factor of g and d?
25
Let i be 6 + -3 - (-2 - -2)/(-3). Suppose -20 = -4*a - 2*x, -x + 15 = 3*a - i*x. What is the greatest common divisor of 10 and a?
5
Suppose -14*h + 5482 = -8182. What is the greatest common divisor of 16 and h?
16
Let d be 55/25 - (-3 - 48/(-15)). Suppose -98 = -d*s + 70. What is the highest common factor of s and 56?
28
Let h = 1031 + -1007. Calculate the greatest common factor of 248 and h.
8
Let d(m) = m**3 - 3*m**2 + 4*m - 4. Let y be d(2). Suppose -s + 17 + 3 = y. Suppose -2*h - 3*h + 250 = 0. What is the greatest common divisor of s and h?
10
Suppose 3 = t - 6. Let w(r) = -21*r + 5. Let l be w(-3). Let x = l - 41. Calculate the greatest common factor of x and t.
9
Suppose 38 - 41 = -m. Suppose 2*f - 3*k = 135, m*f + 2*k = -2*k + 245. Calculate the highest common divisor of f and 25.
25
Let t = 133 + -103. What is the greatest common divisor of t and 70?
10
Let i(x) = -x**2 - 14*x - 20. Let w(u) = 3*u**2 + 42*u + 60. Let c(m) = -11*i(m) - 4*w(m). Let p be c(-10). Calculate the highest common divisor of p and 50.
10
Let o be (-64)/24 + 2/(-6). Let v be (25 + 1 + -3)*1 - -4. Let d = o + v. Calculate the greatest common factor of 3 and d.
3
Let t = 320 - 7. Let w = t + -133. What is the greatest common divisor of 20 and w?
20
Suppose -2*b = -12 + 8. Calculate the highest common factor of 34 and b.
2
Let v(q) = -7*q + 6. Let j = -2 - 4. Let f be v(j). Let s(t) = 25*t + 207. Let c be s(-7). Calculate the greatest common factor of c and f.
16
Let k = -302 + 322. What is the greatest common factor of 15 and k?
5
Let w = -113 + -19. Let v be 1/(-1*4/w). What is the highest common factor of 22 and v?
11
Let t(d) = -d + 8. Let f be t(8). Suppose f = -4*l + 43 + 53. Let g be ((-9)/2)/(3/(-4)). What is the greatest common factor of l and g?
6
Let h be ((-3)/3 - -64)*1. Suppose 3*w = -0*w + h. Let o = -16 - -37. What is the highest common divisor of o and w?
21
Let n(w) = 25*w**3 - 2*w**2 + w. Let x be n(1). Let z(d) = -d**3 - 19*d**2 - d - 3. Let l be z(-19). Calculate the highest common divisor of l and x.
8
Suppose 3*n + 2*x = 5*x + 111, -n = -5*x - 33. What is the highest common divisor of n and 171?
19
Suppose -i = -2 - 0. Suppose w + i - 5 = 0. Suppose -4*y - 2*b + 11 = 1, -w*y + 2*b + 25 = 0. Calculate the greatest common divisor of y and 25.
5
Suppose -2*z - 180 = -12*z. Let s be (0 + 15)*(0 + 6). Calculate the highest common divisor of s and z.
18
Suppose -22*d + 25*d - 336 = 0. Calculate the highest common factor of d and 392.
56
Let m = -1152 - -1167. Suppose -165 = 2*j - 3*j. Calculate the greatest common factor of m and j.
15
Let j = -14 - -17. Suppose -j*t = -7*t + 32. Suppose -2*y = -3*m - 41, -3*y - 5*m = -6*y + 63. What is the greatest common divisor of y and t?
8
Let t(n) = -19*n - 241. Let m be t(-13). Calculate the greatest common divisor of m and 102.
6
Let v be (-13)/5 + 3 + (-8)/(-5). Suppose -v*y = 2*h - 26, -3*y - 4*h - h + 47 = 0. What is the highest common factor of y and 99?
9
Let a(k) = 44*k**3 + k**2 - 3*k + 3. Let q be a(1). Calculate the highest common factor of 18 and q.
9
Suppose o = 2*o - 4. Suppose o*z + 0*z = -5*h + 229, -3*z = -3. Let t(a) = 2*a**2 - 2*a - 3. Let x be t(3). What is the highest common factor of h and x?
9
Let m be ((-1)/(-1) - -2)*3. Suppose -87 = -9*k - 19*a + 21*a, -k - 4*a - 3 = 0. What is the greatest common divisor of m and k?
9
Let m be (-57)/3*(-1 + -2). What is the highest common factor of 456 and m?
57
Suppose 2*o + 2 = -2*h + 36, 77 = 5*o + h. What is the greatest common divisor of 195 and o?
15
Suppose -6 + 0 = 3*c. Let f(z) = -68*z - 1. Let x be f(c). Calculate the greatest common divisor of x and 15.
15
Let u be (2/(-9) - 6844/(-18)) + -3. Suppose -14*r + r + u = 0. What is the greatest common divisor of 232 and r?
29
Let h = -11 - -16. Let u be ((-54)/h)/((-18)/120). Calculate the highest common divisor of 9 and u.
9
Let w = -48 - -82. Suppose -f + 43 = -w. What is the greatest common divisor of f and 11?
11
Let r = 2 + 2. Let z be (-1 + 2)*342/6. Let c = z + -49. Calculate the greatest common divisor of r and c.
4
Let s = -840 + 1368. Calculate the greatest common factor of s and 33.
33
Let a(p) = 3*p**2 - 15*p + 1. Let m be -2 - (-4)/(-2) - 2. Let j(z) = -z**2 - 7*z. Let f be j(m). Let c be a(f). What is the greatest common factor of c and 19?
19
Suppose 0 = 16*y - 14*y + 90. Let u = y + 71. What is the highest common divisor of 65 and u?
13
Let y be (-2)/3*(-195)/(-20)*-6. Calculate the greatest common divisor of 390 and y.
39
Suppose -2*a = -2*z + 36, 3*z + 3*a - 54 = 5*a. Let t = -5 - -7. Let h be 141*1 + 1 + t. What is the greatest common divisor of h and z?
18
Suppose -75 + 21 = -3*p. Suppose -41 = -j - q, 3